{"id":4110,"date":"2022-06-01T19:03:39","date_gmt":"2022-06-02T00:03:39","guid":{"rendered":"https:\/\/preuniversitarionewton.com\/new\/?page_id=4110"},"modified":"2022-06-01T19:17:50","modified_gmt":"2022-06-02T00:17:50","slug":"resultados-transformar","status":"publish","type":"page","link":"https:\/\/preuniversitarionewton.com\/new\/noticias-preu\/resultados-transformar\/","title":{"rendered":"Resultados Transformar"},"content":{"rendered":"<p><div class=\"fusion-fullwidth fullwidth-box fusion-builder-row-1 fusion-parallax-none nonhundred-percent-fullwidth non-hundred-percent-height-scrolling fusion-equal-height-columns lazyload\" style=\"background-color: #060607;background-image:linear-gradient(90deg, rgba(6,6,7,0.75) 45%,rgba(6,6,7,0.32) 75%);background-position: center center;background-repeat: no-repeat;padding-top:250px;padding-right:0px;padding-bottom:0%;padding-left:0px;margin-bottom: 0px;margin-top: 0px;border-width: 0px 0px 0px 0px;border-color:#eae9e9;border-style:solid;-webkit-background-size:cover;-moz-background-size:cover;-o-background-size:cover;background-size:cover;\" data-bg=\"https:\/\/preuniversitarionewton.com\/new\/wp-content\/uploads\/2020\/09\/fechas-para-el-nuevo-examen-de-acceso-a-la-educacion-superior-eaes.jpg\" data-bg-gradient=\"linear-gradient(90deg, rgba(6,6,7,0.75) 45%,rgba(6,6,7,0.32) 75%)\" ><div class=\"fusion-builder-row fusion-row\"><div class=\"fusion-layout-column fusion_builder_column fusion-builder-column-0 fusion_builder_column_3_4 3_4 fusion-three-fourth fusion-column-first fusion-animated\" style=\"width:75%;width:calc(75% - ( ( 4% ) * 0.75 ) );margin-right: 4%;margin-top:0px;margin-bottom:0px;\" data-animationType=\"fadeInDown\" data-animationDuration=\"0.8\" data-animationOffset=\"top-into-view\"><div class=\"fusion-column-wrapper fusion-flex-column-wrapper-legacy\" style=\"background-position:left top;background-repeat:no-repeat;-webkit-background-size:cover;-moz-background-size:cover;-o-background-size:cover;background-size:cover;padding: 0px 0px 0px 0px;\"><div class=\"fusion-sep-clear\"><\/div><div class=\"fusion-separator fusion-no-large-visibility fusion-full-width-sep\" style=\"margin-left: auto;margin-right: auto;margin-bottom:30px;width:100%;\"><\/div><div class=\"fusion-sep-clear\"><\/div><style type=\"text\/css\">@media only screen and (max-width:1150px) {.fusion-title.fusion-title-1{margin-top:!important;margin-bottom:10px!important;}}<\/style><div class=\"fusion-title title fusion-title-1 fusion-sep-none fusion-title-text fusion-title-size-two\" style=\"font-size:66px;margin-top:0px;margin-right:0px;margin-bottom:2%;margin-left:0px;\"><h2 class=\"title-heading-left fusion-responsive-typography-calculated\" style=\"margin:0;font-size:1em;color:#ffffff;--fontSize:66;line-height:1;\">Resultados Transformar<\/h2><\/div><div class=\"fusion-sep-clear\"><\/div><div class=\"fusion-separator fusion-full-width-sep\" style=\"margin-left: auto;margin-right: auto;width:100%;\"><\/div><div class=\"fusion-sep-clear\"><\/div><div class=\"fusion-text fusion-text-1\" style=\"color:#ffffff;\"><p>Puntajes alumnos costa 2021 &#8211; 2022<\/p>\n<\/div><div class=\"fusion-sep-clear\"><\/div><div class=\"fusion-separator fusion-full-width-sep\" style=\"margin-left: auto;margin-right: auto;margin-top:20px;margin-bottom:0px;width:100%;\"><\/div><div class=\"fusion-sep-clear\"><\/div><div class=\"fusion-sep-clear\"><\/div><div class=\"fusion-separator fusion-no-large-visibility fusion-full-width-sep\" style=\"margin-left: auto;margin-right: auto;margin-bottom:4%;width:100%;\"><\/div><div class=\"fusion-sep-clear\"><\/div><div class=\"fusion-sep-clear\"><\/div><div class=\"fusion-separator fusion-no-large-visibility fusion-full-width-sep\" style=\"margin-left: auto;margin-right: auto;margin-bottom:8%;width:100%;\"><\/div><div class=\"fusion-sep-clear\"><\/div><div class=\"fusion-clearfix\"><\/div><\/div><\/div><\/div><\/div><div class=\"fusion-fullwidth fullwidth-box fusion-builder-row-2 fusion-flex-container nonhundred-percent-fullwidth non-hundred-percent-height-scrolling\" style=\"background-color: rgba(255,255,255,0);background-position: center center;background-repeat: no-repeat;border-width: 0px 0px 0px 0px;border-color:#eae9e9;border-style:solid;\" ><div class=\"fusion-builder-row fusion-row fusion-flex-align-items-flex-start\" style=\"max-width:1216.8px;margin-left: calc(-4% \/ 2 );margin-right: calc(-4% \/ 2 );\"><div class=\"fusion-layout-column fusion_builder_column fusion-builder-column-1 fusion_builder_column_1_1 1_1 fusion-flex-column\"><div class=\"fusion-column-wrapper fusion-flex-justify-content-flex-start fusion-content-layout-column\" style=\"background-position:left top;background-repeat:no-repeat;-webkit-background-size:cover;-moz-background-size:cover;-o-background-size:cover;background-size:cover;padding: 0px 0px 0px 0px;\">\n<div class=\"table-1\">\n<table width=\"1194\">\n<tbody>\n<tr>\n<td width=\"289\"><strong>Nombres<\/strong><\/td>\n<td width=\"87\"><strong>Puntuaci\u00f3n<\/strong>&nbsp;<\/td>\n<td width=\"339\"><strong>Colegio&nbsp;<\/strong><\/td>\n<td width=\"252\"><strong>Carrera<\/strong><\/td>\n<td width=\"227\"><strong>Univesidad<\/strong><\/td>\n<\/tr>\n<tr>\n<td>Ashey Yessenia Recalde Torres<\/td>\n<td>813<\/td>\n<td>Unidad Educativa Caluma<\/td>\n<td>Enfermer\u00eda<\/td>\n<td>UEB<\/td>\n<\/tr>\n<tr>\n<td>Ariana Lizbeth Moreira Hoyos&nbsp;<\/td>\n<td>822<\/td>\n<td>Sagrados Corazones&nbsp;<\/td>\n<td>Educaci\u00f3n B\u00e1sica<\/td>\n<td>UTM<\/td>\n<\/tr>\n<tr>\n<td>Kerly Estefania Chacha Machay<\/td>\n<td>830<\/td>\n<td>Unidad Educativa San Francisco de Las Pampas<\/td>\n<td>Laboratorio cl\u00ednico&nbsp;<\/td>\n<td>&nbsp;<\/td>\n<\/tr>\n<tr>\n<td>Paul Andr\u00e9s Guerrero Chamorro<\/td>\n<td>857<\/td>\n<td>UE coronel Lusiano Coral Morillo<\/td>\n<td>&nbsp;<\/td>\n<td>&nbsp;<\/td>\n<\/tr>\n<tr>\n<td>Daniel Alejandro Borja Rivadeneira<\/td>\n<td>866<\/td>\n<td>Luigi Galvani<\/td>\n<td>Psicolog\u00eda Cl\u00ednica&nbsp;<\/td>\n<td>UCE<\/td>\n<\/tr>\n<tr>\n<td>Deicy Rosaura Ayala L\u00f3pez<\/td>\n<td>878<\/td>\n<td>Carlos Rivadeneira<\/td>\n<td>Efermer\u00eda<\/td>\n<td>Universidad T\u00e9cnica del Norte&nbsp;<\/td>\n<\/tr>\n<tr>\n<td>Rosa Belen Morocho Mu\u00f1oz<\/td>\n<td>888<\/td>\n<td>UE. Fiscomisional JUAN XXIII<\/td>\n<td>Ingenier\u00eda Civil&nbsp;<\/td>\n<td>UCE<\/td>\n<\/tr>\n<tr>\n<td>Jefferson Danilo Yagual Jaime<\/td>\n<td>895<\/td>\n<td>Colegio fiscal Luis Pauta Rodr\u00edguez<\/td>\n<td>Econom\u00eda&nbsp;<\/td>\n<td>&nbsp;<\/td>\n<\/tr>\n<tr>\n<td>Omar Alejandro Rodr\u00edguez Reina<\/td>\n<td>896<\/td>\n<td>Augusto Mendoza Moreira<\/td>\n<td>Efermer\u00eda<\/td>\n<td>Universidad de Guayaquil&nbsp;<\/td>\n<\/tr>\n<tr>\n<td>Andr\u00e9s Vinicio Bonilla Vergara<\/td>\n<td>900<\/td>\n<td>I.E.F Benito Ju\u00e1rez<\/td>\n<td>Ingenieria<\/td>\n<td>UCE<\/td>\n<\/tr>\n<tr>\n<td>Yessenia Lisbeth Mar\u00edn Torres<\/td>\n<td>901<\/td>\n<td>Colegio de Bachillerato \u00ab26 de noviembre\u00bb<\/td>\n<td>Medicina&nbsp;<\/td>\n<td>Tecnica de Machala<\/td>\n<\/tr>\n<tr>\n<td>Gabriel Alejandro Cortez Andrade<\/td>\n<td>904<\/td>\n<td>Consejo Provincial<\/td>\n<td>Pedagog\u00eda en Idiomas<\/td>\n<td>UCE<\/td>\n<\/tr>\n<tr>\n<td>Mateo Alexey Cueva Freire<\/td>\n<td>910<\/td>\n<td>Verbo Divino<\/td>\n<td>Fonoaudiolog\u00eda&nbsp;<\/td>\n<td>Universidad Central&nbsp;<\/td>\n<\/tr>\n<tr>\n<td>Ricardo David Orellana Cuenca<\/td>\n<td>914<\/td>\n<td>Colegio de Bachillerato Marcabel\u00ed<\/td>\n<td>Derecho<\/td>\n<td>&nbsp;<\/td>\n<\/tr>\n<tr>\n<td>Dayanna justine Su\u00e1rez Velarde&nbsp;<\/td>\n<td>917<\/td>\n<td>Unidad educativa sendero de fe&nbsp;<\/td>\n<td>Medicina&nbsp;<\/td>\n<td>&nbsp;<\/td>\n<\/tr>\n<tr>\n<td>Gissella Geovanna Ord\u00f3\u00f1ez Calder\u00f3n<\/td>\n<td>918<\/td>\n<td>Unidad educativa Pac\u00edfico Cembranos<\/td>\n<td>Contabilidad&nbsp;<\/td>\n<td>&nbsp;<\/td>\n<\/tr>\n<tr>\n<td>Graciela Guadalupe Cullispuma Peralvo<\/td>\n<td>924<\/td>\n<td>U.E Vencedores<\/td>\n<td>Biotecnolog\u00eda&nbsp;<\/td>\n<td>ESPE<\/td>\n<\/tr>\n<tr>\n<td>Jhoe Mauricio Santos Villegas<\/td>\n<td style=\"font-weight: 400;\">925<\/td>\n<td>U.E. Rincon del Saber<\/td>\n<td>Finanzas<\/td>\n<td>UCE<\/td>\n<\/tr>\n<\/tbody>\n<\/table>\n<\/div>\n<div class=\"fusion-separator fusion-full-width-sep\" style=\"align-self: center;margin-left: auto;margin-right: auto;margin-top:12px;margin-bottom:12PX;width:100%;\"><\/div>\n<div class=\"table-1\">\n<table width=\"100%\">\n<thead>\n<tr>\n<th align=\"left\">PROMEDIO<\/th>\n<th align=\"left\">&nbsp; &nbsp; &nbsp; &nbsp; &nbsp; 899,2<\/th>\n<\/tr>\n<\/thead>\n<\/table>\n<\/div>\n<\/div><style type=\"text\/css\">.fusion-body .fusion-builder-column-1{width:100% !important;margin-top : 0px;margin-bottom : 20px;}.fusion-builder-column-1 > .fusion-column-wrapper {padding-top : 0px !important;padding-right : 0px !important;margin-right : 1.92%;padding-bottom : 0px !important;padding-left : 0px !important;margin-left : 1.92%;}@media only screen and (max-width:1024px) {.fusion-body .fusion-builder-column-1{width:100% !important;order : 0;}.fusion-builder-column-1 > .fusion-column-wrapper {margin-right : 1.92%;margin-left : 1.92%;}}@media only screen and (max-width:640px) {.fusion-body .fusion-builder-column-1{width:100% !important;order : 0;}.fusion-builder-column-1 > .fusion-column-wrapper {margin-right : 1.92%;margin-left : 1.92%;}}<\/style><\/div><\/div><style type=\"text\/css\">.fusion-body .fusion-flex-container.fusion-builder-row-2{ padding-top : 0px;margin-top : 0px;padding-right : 0px;padding-bottom : 0px;margin-bottom : 0px;padding-left : 0px;}<\/style><\/div><\/p>\n","protected":false},"excerpt":{"rendered":"","protected":false},"author":1,"featured_media":0,"parent":3128,"menu_order":0,"comment_status":"closed","ping_status":"closed","template":"100-width.php","meta":{"footnotes":""},"class_list":["post-4110","page","type-page","status-publish","hentry"],"_links":{"self":[{"href":"https:\/\/preuniversitarionewton.com\/new\/wp-json\/wp\/v2\/pages\/4110","targetHints":{"allow":["GET"]}}],"collection":[{"href":"https:\/\/preuniversitarionewton.com\/new\/wp-json\/wp\/v2\/pages"}],"about":[{"href":"https:\/\/preuniversitarionewton.com\/new\/wp-json\/wp\/v2\/types\/page"}],"author":[{"embeddable":true,"href":"https:\/\/preuniversitarionewton.com\/new\/wp-json\/wp\/v2\/users\/1"}],"replies":[{"embeddable":true,"href":"https:\/\/preuniversitarionewton.com\/new\/wp-json\/wp\/v2\/comments?post=4110"}],"version-history":[{"count":4,"href":"https:\/\/preuniversitarionewton.com\/new\/wp-json\/wp\/v2\/pages\/4110\/revisions"}],"predecessor-version":[{"id":4114,"href":"https:\/\/preuniversitarionewton.com\/new\/wp-json\/wp\/v2\/pages\/4110\/revisions\/4114"}],"up":[{"embeddable":true,"href":"https:\/\/preuniversitarionewton.com\/new\/wp-json\/wp\/v2\/pages\/3128"}],"wp:attachment":[{"href":"https:\/\/preuniversitarionewton.com\/new\/wp-json\/wp\/v2\/media?parent=4110"}],"curies":[{"name":"wp","href":"https:\/\/api.w.org\/{rel}","templated":true}]}}