{"id":3555,"date":"2021-01-12T00:35:16","date_gmt":"2021-01-12T05:35:16","guid":{"rendered":"https:\/\/preuniversitarionewton.com\/new\/?page_id=3555"},"modified":"2022-06-01T19:02:35","modified_gmt":"2022-06-02T00:02:35","slug":"inscripciones-examen-eaes","status":"publish","type":"page","link":"https:\/\/preuniversitarionewton.com\/new\/noticias-preu\/inscripciones-examen-eaes\/","title":{"rendered":"Inscripciones Examen EAES"},"content":{"rendered":"<p><div class=\"fusion-fullwidth fullwidth-box fusion-builder-row-1 fusion-parallax-none nonhundred-percent-fullwidth non-hundred-percent-height-scrolling fusion-equal-height-columns lazyload\" style=\"background-color: #060607;background-image:linear-gradient(90deg, rgba(6,6,7,0.75) 45%,rgba(6,6,7,0.32) 75%);background-position: center center;background-repeat: no-repeat;padding-top:250px;padding-right:0px;padding-bottom:0%;padding-left:0px;margin-bottom: 0px;margin-top: 0px;border-width: 0px 0px 0px 0px;border-color:#eae9e9;border-style:solid;-webkit-background-size:cover;-moz-background-size:cover;-o-background-size:cover;background-size:cover;\" data-bg=\"https:\/\/preuniversitarionewton.com\/new\/wp-content\/uploads\/2020\/09\/fechas-para-el-nuevo-examen-de-acceso-a-la-educacion-superior-eaes.jpg\" data-bg-gradient=\"linear-gradient(90deg, rgba(6,6,7,0.75) 45%,rgba(6,6,7,0.32) 75%)\" ><div class=\"fusion-builder-row fusion-row\"><div class=\"fusion-layout-column fusion_builder_column fusion-builder-column-0 fusion_builder_column_3_4 3_4 fusion-three-fourth fusion-column-first fusion-animated\" style=\"width:75%;width:calc(75% - ( ( 4% ) * 0.75 ) );margin-right: 4%;margin-top:0px;margin-bottom:0px;\" data-animationType=\"fadeInDown\" data-animationDuration=\"0.8\" data-animationOffset=\"top-into-view\"><div class=\"fusion-column-wrapper fusion-flex-column-wrapper-legacy\" style=\"background-position:left top;background-repeat:no-repeat;-webkit-background-size:cover;-moz-background-size:cover;-o-background-size:cover;background-size:cover;padding: 0px 0px 0px 0px;\"><div class=\"fusion-sep-clear\"><\/div><div class=\"fusion-separator fusion-no-large-visibility fusion-full-width-sep\" style=\"margin-left: auto;margin-right: auto;margin-bottom:30px;width:100%;\"><\/div><div class=\"fusion-sep-clear\"><\/div><style type=\"text\/css\">@media only screen and (max-width:1150px) {.fusion-title.fusion-title-1{margin-top:!important;margin-bottom:10px!important;}}<\/style><div class=\"fusion-title title fusion-title-1 fusion-sep-none fusion-title-text fusion-title-size-two\" style=\"font-size:66px;margin-top:0px;margin-right:0px;margin-bottom:2%;margin-left:0px;\"><h2 class=\"title-heading-left fusion-responsive-typography-calculated\" style=\"margin:0;font-size:1em;color:#ffffff;--fontSize:66;line-height:1;\">Inscripciones Examen EAES<\/h2><\/div><style type=\"text\/css\">@media only screen and (max-width:1150px) {.fusion-title.fusion-title-2{margin-top:!important;margin-bottom:10px!important;}}<\/style><div class=\"fusion-title title fusion-title-2 fusion-sep-none fusion-title-text fusion-title-size-three\" style=\"font-size:32px;margin-top:0px;margin-right:0px;margin-bottom:2%;margin-left:0px;\"><h3 class=\"title-heading-left fusion-responsive-typography-calculated\" style=\"margin:0;font-size:1em;color:#ffffff;--fontSize:32;line-height:1;\">Acceso a la Educaci\u00f3n Superior<\/h3><\/div><div class=\"fusion-sep-clear\"><\/div><div class=\"fusion-separator fusion-full-width-sep\" style=\"margin-left: auto;margin-right: auto;width:100%;\"><\/div><div class=\"fusion-sep-clear\"><\/div><div class=\"fusion-sep-clear\"><\/div><div class=\"fusion-separator fusion-full-width-sep\" style=\"margin-left: auto;margin-right: auto;margin-top:20px;margin-bottom:0px;width:100%;\"><\/div><div class=\"fusion-sep-clear\"><\/div><div class=\"fusion-sep-clear\"><\/div><div class=\"fusion-separator fusion-no-large-visibility fusion-full-width-sep\" style=\"margin-left: auto;margin-right: auto;margin-bottom:4%;width:100%;\"><\/div><div class=\"fusion-sep-clear\"><\/div><div class=\"fusion-sep-clear\"><\/div><div class=\"fusion-separator fusion-no-large-visibility fusion-full-width-sep\" style=\"margin-left: auto;margin-right: auto;margin-bottom:8%;width:100%;\"><\/div><div class=\"fusion-sep-clear\"><\/div><div class=\"fusion-clearfix\"><\/div><\/div><\/div><\/div><\/div><div class=\"fusion-fullwidth fullwidth-box fusion-builder-row-2 nonhundred-percent-fullwidth non-hundred-percent-height-scrolling\" style=\"background-color: rgba(255,255,255,0);background-position: center center;background-repeat: no-repeat;padding-top:0px;padding-right:0px;padding-bottom:0%;padding-left:0px;margin-bottom: 0px;margin-top: 0px;border-width: 0px 0px 0px 0px;border-color:#eae9e9;border-style:solid;\" ><div class=\"fusion-builder-row fusion-row\"><div class=\"fusion-layout-column fusion_builder_column fusion-builder-column-1 fusion_builder_column_1_1 1_1 fusion-one-full fusion-column-first fusion-column-last\" style=\"margin-top:0px;margin-bottom:20px;\"><div class=\"fusion-column-wrapper fusion-flex-column-wrapper-legacy\" style=\"background-position:left top;background-repeat:no-repeat;-webkit-background-size:cover;-moz-background-size:cover;-o-background-size:cover;background-size:cover;padding: 0px 0px 0px 0px;\"><style type=\"text\/css\"><\/style><div class=\"fusion-title title fusion-title-3 fusion-sep-none fusion-title-text fusion-title-size-two\" style=\"margin-top:0px;margin-right:0px;margin-bottom:40px;margin-left:0px;\"><h2 class=\"title-heading-left fusion-responsive-typography-calculated\" style=\"margin:0;--fontSize:30;line-height:1.28;\"><strong>\u00bfCu\u00e1ndo son las inscripciones para el examen de admisi\u00f3n (EAES)?<\/strong><\/h2><\/div><div class=\"fusion-text fusion-text-1\"><p>Revisa el cronograma del Examen EAES para conocer las fechas de inscripci\u00f3n para el examen para ingresar a la universidad.<\/p>\n<\/div><div class=\"fusion-alignleft\"><style type=\"text\/css\">.fusion-button.button-1 {border-radius:40px;}<\/style><a class=\"fusion-button button-flat button-xlarge button-default button-1 fusion-button-default-span fusion-button-default-type\" target=\"_self\" href=\"https:\/\/preuniversitarionewton.com\/new\/cronograma-examen-eaes\/\"><i class=\"fa-calendar-check fas button-icon-left\" aria-hidden=\"true\"><\/i><span class=\"fusion-button-text\">Ver cronograma<\/span><\/a><\/div><div class=\"fusion-sep-clear\"><\/div><div class=\"fusion-separator fusion-full-width-sep\" style=\"margin-left: auto;margin-right: auto;margin-top:21px;margin-bottom:47px;width:100%;\"><\/div><div class=\"fusion-sep-clear\"><\/div><style type=\"text\/css\"><\/style><div class=\"fusion-title title fusion-title-4 fusion-sep-none fusion-title-text fusion-title-size-two\" style=\"margin-top:0px;margin-right:0px;margin-bottom:40px;margin-left:0px;\"><h2 class=\"title-heading-left fusion-responsive-typography-calculated\" style=\"margin:0;--fontSize:30;line-height:1.28;\"><strong>\u00bfQui\u00e9nes pueden inscribirse para rendir el examen EAES?<\/strong><\/h2><\/div><div class=\"fusion-text fusion-text-2\"><p>Pueden inscribirse para rendir el Examen de Acceso a la Educaci\u00f3n Superior para universidades e institutos del Ecuador, las y los estudiantes de tercero de Bachillerato r\u00e9gimen Costa y los bachilleres graduados en a\u00f1os anteriores, que deseen acceder a una instituci\u00f3n de educaci\u00f3n superior p\u00fablica.<\/p>\n<ul>\n<li>Ser ciudadanos ecuatoriano (independientemente del pa\u00eds en el que residan)<\/li>\n<li>Personas extranjeras residentes en el Ecuador.<\/li>\n<li>Personas refugiadas.<\/li>\n<\/ul>\n<\/div><div class=\"fusion-content-boxes content-boxes columns row fusion-columns-1 fusion-columns-total-3 fusion-content-boxes-1 content-boxes-icon-with-title content-left\" data-animationOffset=\"top-into-view\" style=\"margin-top:0px;margin-bottom:60px;\"><style type=\"text\/css\">.fusion-content-boxes-1 .heading .content-box-heading {color:#333333;}\n\t\t\t\t\t.fusion-content-boxes-1 .fusion-content-box-hover .link-area-link-icon-hover .heading .content-box-heading,\n\t\t\t\t\t.fusion-content-boxes-1 .fusion-content-box-hover .link-area-link-icon-hover .heading .heading-link .content-box-heading,\n\t\t\t\t\t.fusion-content-boxes-1 .fusion-content-box-hover .link-area-box-hover .heading .content-box-heading,\n\t\t\t\t\t.fusion-content-boxes-1 .fusion-content-box-hover .link-area-box-hover .heading .heading-link .content-box-heading,\n\t\t\t\t\t.fusion-content-boxes-1 .fusion-content-box-hover .link-area-link-icon-hover.link-area-box .fusion-read-more,\n\t\t\t\t\t.fusion-content-boxes-1 .fusion-content-box-hover .link-area-link-icon-hover.link-area-box .fusion-read-more::after,\n\t\t\t\t\t.fusion-content-boxes-1 .fusion-content-box-hover .link-area-link-icon-hover.link-area-box .fusion-read-more::before,\n\t\t\t\t\t.fusion-content-boxes-1 .fusion-content-box-hover .fusion-read-more:hover:after,\n\t\t\t\t\t.fusion-content-boxes-1 .fusion-content-box-hover .fusion-read-more:hover:before,\n\t\t\t\t\t.fusion-content-boxes-1 .fusion-content-box-hover .fusion-read-more:hover,\n\t\t\t\t\t.fusion-content-boxes-1 .fusion-content-box-hover .link-area-box-hover.link-area-box .fusion-read-more,\n\t\t\t\t\t.fusion-content-boxes-1 .fusion-content-box-hover .link-area-box-hover.link-area-box .fusion-read-more::after,\n\t\t\t\t\t.fusion-content-boxes-1 .fusion-content-box-hover .link-area-box-hover.link-area-box .fusion-read-more::before,\n\t\t\t\t\t.fusion-content-boxes-1 .fusion-content-box-hover .link-area-link-icon-hover .icon .circle-no,\n\t\t\t\t\t.fusion-content-boxes-1 .heading .heading-link:hover .content-box-heading {\n\t\t\t\t\t\tcolor: #65bc7b;\n\t\t\t\t\t}\n\t\t\t\t\t.fusion-content-boxes-1 .fusion-content-box-hover .link-area-box-hover .icon .circle-no {\n\t\t\t\t\t\tcolor: #65bc7b !important;\n\t\t\t\t\t}.fusion-content-boxes-1 .fusion-content-box-hover .link-area-box.link-area-box-hover .fusion-content-box-button {background: #ff000c;color: #ffffff;}.fusion-content-boxes-1 .fusion-content-box-hover .link-area-box.link-area-box-hover .fusion-content-box-button .fusion-button-text {color: #ffffff;}\n\t\t\t\t\t.fusion-content-boxes-1 .fusion-content-box-hover .link-area-link-icon-hover .heading .icon > span {\n\t\t\t\t\t\tbackground-color: #65bc7b !important;\n\t\t\t\t\t}\n\t\t\t\t\t.fusion-content-boxes-1 .fusion-content-box-hover .link-area-box-hover .heading .icon > span {\n\t\t\t\t\t\tborder-color: #65bc7b !important;\n\t\t\t\t\t}<\/style><div class=\"fusion-column content-box-column content-box-column content-box-column-1 col-lg-12 col-md-12 col-sm-12 fusion-content-box-hover content-box-column-last-in-row\"><div class=\"col content-box-wrapper content-wrapper-background link-area-link-icon icon-hover-animation-fade\" style=\"background-color:#fff3cd;\" data-animationOffset=\"top-into-view\"><div class=\"heading icon-left\"><h2 class=\"content-box-heading fusion-responsive-typography-calculated\" style=\"font-size:18px;--fontSize:18;line-height:1.28;\"> <\/h2><\/div><div class=\"fusion-clearfix\"><\/div><div class=\"content-container\" style=\"color:#747474;\"><strong><span style=\"color: #856307;\">En el caso <\/span><\/strong><span style=\"color: #856307;\">de quienes hayan solicitado la habilitaci\u00f3n de cuenta en este periodo, podr\u00e1n inscribirse solo aquellas personas cuya solicitud haya sido aceptada.<\/span><\/div><\/div><\/div><div class=\"fusion-column content-box-column content-box-column content-box-column-2 col-lg-12 col-md-12 col-sm-12 fusion-content-box-hover content-box-column-last-in-row\"><div class=\"col content-box-wrapper content-wrapper-background link-area-link-icon icon-hover-animation-fade\" style=\"background-color:#d2ebf1;\" data-animationOffset=\"top-into-view\"><div class=\"heading icon-left\"><h2 class=\"content-box-heading fusion-responsive-typography-calculated\" style=\"font-size:18px;--fontSize:18;line-height:1.28;\"> <\/h2><\/div><div class=\"fusion-clearfix\"><\/div><div class=\"content-container\" style=\"color:#747474;\"><span style=\"color: #0b555f;\"><strong>Recuerda: <\/strong>La plataforma estar\u00e1 habilitada en las fechas establecidas para la inscripci\u00f3n, no antes, ni despu\u00e9s del plazo definido.<\/span><\/div><\/div><\/div><div class=\"fusion-column content-box-column content-box-column content-box-column-3 col-lg-12 col-md-12 col-sm-12 fusion-content-box-hover content-box-column-last content-box-column-last-in-row\"><div class=\"col content-box-wrapper content-wrapper-background link-area-link-icon icon-hover-animation-fade\" style=\"background-color:#d2ebf1;\" data-animationOffset=\"top-into-view\"><div class=\"heading icon-left\"><h2 class=\"content-box-heading fusion-responsive-typography-calculated\" style=\"font-size:18px;--fontSize:18;line-height:1.28;\"> <\/h2><\/div><div class=\"fusion-clearfix\"><\/div><div class=\"content-container\" style=\"color:#747474;\"><span style=\"color: #0b555f;\"><strong>Importante: <\/strong>Como requisito indispensable se debe tener t\u00edtulo de bachiller u homologaci\u00f3n de t\u00edtulo extranjero otorgado por el Ministerio de Educaci\u00f3n.<\/span><\/div><\/div><\/div><style type=\"text\/css\">\n\t\t\t\t\t\t.fusion-content-boxes-1 .fusion-content-box-hover .heading-link:hover .icon i.circle-yes,\n\t\t\t\t\t\t.fusion-content-boxes-1 .fusion-content-box-hover .link-area-box:hover .heading-link .icon i.circle-yes,\n\t\t\t\t\t\t.fusion-content-boxes-1 .fusion-content-box-hover .link-area-link-icon-hover .heading .icon i.circle-yes,\n\t\t\t\t\t\t.fusion-content-boxes-1 .fusion-content-box-hover .link-area-box-hover .heading .icon i.circle-yes {\n\t\t\t\t\t\t\tbackground-color: #65bc7b !important;\n\t\t\t\t\t\t\tborder-color: #65bc7b !important;\n\t\t\t\t\t\t}<\/style><div class=\"fusion-clearfix\"><\/div><\/div><style type=\"text\/css\"><\/style><div class=\"fusion-title title fusion-title-5 fusion-sep-none fusion-title-text fusion-title-size-two\" style=\"margin-top:0px;margin-right:0px;margin-bottom:40px;margin-left:0px;\"><h2 class=\"title-heading-left fusion-responsive-typography-calculated\" style=\"margin:0;--fontSize:30;line-height:1.28;\"><strong>Requisitos para la inscripci\u00f3n del examen EAES<\/strong><\/h2><\/div><div class=\"fusion-text fusion-text-3\"><p>Para que puedas inscribirte para rendir el Examen EAES deber\u00e1s cumplir los siguientes requisitos:<\/p>\n<ul>\n<li>Ser bachiller o estar culminando el tercero de Bachillerato. En el caso de bachilleres extranjeros, es necesario que su t\u00edtulo se encuentre homologado en el Ministerio de Educaci\u00f3n, o haber iniciado el proceso.<\/li>\n<li>Contar con un correo electr\u00f3nico activo.<\/li>\n<\/ul>\n<p><span style=\"color: #856307;\"><b>IMPORTANTE:\u00a0<\/b>Este correo ser\u00e1 el que el aspirante utilizar\u00e1 durante todo el proceso de admisi\u00f3n, NO ingreses correos a los que no tengas acceso.<\/span><\/p>\n<ul>\n<li>Conocer datos personales como: n\u00famero de documento de identificaci\u00f3n (c\u00e9dula, pasaporte con visa vigente), direcci\u00f3n domiciliaria, n\u00famero de celular, etc.<\/li>\n<\/ul>\n<p><span style=\"color: #856307;\"><strong>En el caso<\/strong> de personas extranjeras, la visa debe tener vigencia hasta el 26 de enero de 2021 como m\u00ednimo.<\/span><\/p>\n<div>\n<div class=\"mb-4 card\">\n<div class=\"card-body\">\n<ul>\n<li>Conexi\u00f3n a internet.<\/li>\n<\/ul>\n<\/div>\n<\/div>\n<\/div>\n<div>\n<div class=\"mb-4 card\">\n<div class=\"card-body\"><\/div>\n<\/div>\n<\/div>\n<\/div><div class=\"fusion-clearfix\"><\/div><\/div><\/div><\/div><\/div><div class=\"fusion-fullwidth fullwidth-box fusion-builder-row-3 nonhundred-percent-fullwidth non-hundred-percent-height-scrolling\" style=\"background-color: rgba(255,255,255,0);background-position: center center;background-repeat: no-repeat;padding-top:0px;padding-right:0px;padding-bottom:0px;padding-left:0px;margin-bottom: 0px;margin-top: 0px;border-width: 0px 0px 0px 0px;border-color:#eae9e9;border-style:solid;\" ><div class=\"fusion-builder-row fusion-row\"><div class=\"fusion-layout-column fusion_builder_column fusion-builder-column-2 fusion_builder_column_1_1 1_1 fusion-one-full fusion-column-first fusion-column-last\" style=\"margin-top:0px;margin-bottom:20px;\"><div class=\"fusion-column-wrapper fusion-flex-column-wrapper-legacy\" style=\"background-position:left top;background-repeat:no-repeat;-webkit-background-size:cover;-moz-background-size:cover;-o-background-size:cover;background-size:cover;padding: 0px 0px 0px 0px;\"><style type=\"text\/css\"><\/style><div class=\"fusion-title title fusion-title-6 fusion-sep-none fusion-title-text fusion-title-size-two\" style=\"margin-top:0px;margin-right:0px;margin-bottom:40px;margin-left:0px;\"><h2 class=\"title-heading-left fusion-responsive-typography-calculated\" style=\"margin:0;--fontSize:30;line-height:1.28;\"><strong>\u00bfC\u00f3mo incribirse para el examen EAES?<\/strong><\/h2><\/div><div class=\"fusion-text fusion-text-4\"><p>Sigue los siguientes para inscribirte para el examen de ingreso a la universidad \/ instituto<\/p>\n<\/div><style type=\"text\/css\"><\/style><div class=\"fusion-title title fusion-title-7 fusion-sep-none fusion-title-text fusion-title-size-two\" style=\"margin-top:0px;margin-right:0px;margin-bottom:40px;margin-left:0px;\"><h2 class=\"title-heading-left fusion-responsive-typography-calculated\" style=\"margin:0;--fontSize:30;line-height:1.28;\"><strong>Si no tienes una cuenta<\/strong><\/h2><\/div><div class=\"fusion-text fusion-text-5\"><ul>\n<li>Sigue los pasos que se detallan en el siguiente tutorial\u00a0<strong><a title=\"\u00bfC\u00f3mo crear una cuenta par el examen EAES?\" href=\"https:\/\/eaes.ec\/tutorial\/como-crear-una-cuenta\"><u>\u00bfC\u00f3mo crear una cuenta?<\/u><\/a><\/strong><\/li>\n<\/ul>\n<\/div><div class=\"fusion-text fusion-text-6\"><p><span style=\"color: #0b555f;\">Los aspirantes que tengan cuenta SNNA \u00f3 Ser Bachiller habilitada de procesos anteriores, NO deben crear otra cuenta. Deber\u00e1n ingresar con su mismo usuario y contrase\u00f1a a la plataforma y realizar los pasos respectivos para la inscripci\u00f3n.<\/span><\/p>\n<\/div><style type=\"text\/css\"><\/style><div class=\"fusion-title title fusion-title-8 fusion-sep-none fusion-title-text fusion-title-size-two\" style=\"margin-top:0px;margin-right:0px;margin-bottom:40px;margin-left:0px;\"><h2 class=\"title-heading-left fusion-responsive-typography-calculated\" style=\"margin:0;--fontSize:30;line-height:1.28;\"><strong>Si ya tienes una cuenta<br \/>\n<\/strong><\/h2><\/div><div class=\"fusion-text fusion-text-7\"><ul>\n<li>Ingresa a\u00a0<strong><a title=\"Inscipci\u00f3n Examen\" href=\"https:\/\/eaes.ec\/proceso\/inscripciones\" target=\"_blank\" rel=\"noopener noreferrer\"><u>Examen Admisi\u00f3n<\/u><\/a><\/strong>\u00a0con tu usuario y contrase\u00f1a.<\/li>\n<li>Da clic en \u2018Proceso\u2019 y luego en \u2018Registro\u2019<\/li>\n<li>Lee y acepta los t\u00e9rminos y condiciones.<\/li>\n<li>Completa tus datos.<\/li>\n<li>Guarda o imprime el comprobante de registro.<\/li>\n<li>Regresa al men\u00fa principal, da clic en \u2018Proceso\u2019 y luego en \u2018Encuesta\u2019.<\/li>\n<li>Descarga la encuesta, inst\u00e1lala en tu computador, ll\u00e9nala y s\u00fabela al sistema.<\/li>\n<\/ul>\n<\/div><div class=\"fusion-text fusion-text-8\"><p><span style=\"color: #0b555f;\">Sigue los pasos que se detallan en el\u00a0<strong><a style=\"color: #0b555f;\" href=\"https:\/\/eaes.ec\/tutorial\/como-llenar-la-encuesta-de-factores-asociados\" target=\"_blank\" rel=\"noreferrer noopener\"><u>tutorial para llenar la encuesta de factores asociados<\/u><\/a><\/strong><\/span><\/p>\n<\/div><div class=\"fusion-text fusion-text-9\"><ul>\n<li>Lee y acepta la certificaci\u00f3n de usuario.<\/li>\n<li>Da clic en \u2018Guardar y finalizar\u2019.<\/li>\n<li>Guarda o imprime el comprobante de inscripci\u00f3n final.<\/li>\n<\/ul>\n<\/div><style type=\"text\/css\"><\/style><div class=\"fusion-title title fusion-title-9 fusion-sep-none fusion-title-text fusion-title-size-two\" style=\"margin-top:0px;margin-right:0px;margin-bottom:40px;margin-left:0px;\"><h2 class=\"title-heading-left fusion-responsive-typography-calculated\" style=\"margin:0;--fontSize:30;line-height:1.28;\"><strong>Si olvidaste tu contrase\u00f1a<\/strong><\/p><\/h2><\/div><div class=\"fusion-text fusion-text-10\"><ul>\n<li>Sigue los pasos que se detallan en el siguiente tutorial\u00a0<strong><a title=\"\u00bfC\u00f3mo recuperar la contrase\u00f1a del examen EAES?\" href=\"https:\/\/eaes.ec\/tutorial\/como-recuperar-la-contrasena\"><u>\u00bfC\u00f3mo recuperar la contrase\u00f1a del examen EAES?<\/u><\/a><\/strong><\/li>\n<\/ul>\n<\/div><div class=\"fusion-alignleft\"><style type=\"text\/css\">.fusion-button.button-2 {border-radius:40px;}<\/style><a class=\"fusion-button button-flat button-xlarge button-default button-2 fusion-button-default-span fusion-button-default-type\" target=\"_blank\" rel=\"noopener noreferrer\" href=\"https:\/\/eaes.ec\/proceso\/inscripciones\"><i class=\"fa-play fas button-icon-left\" aria-hidden=\"true\"><\/i><span class=\"fusion-button-text\">Realizar inscripci\u00f3n<\/span><\/a><\/div><div class=\"fusion-sep-clear\"><\/div><div class=\"fusion-separator fusion-full-width-sep\" style=\"margin-left: auto;margin-right: auto;margin-top:12px;margin-bottom:21px;width:100%;\"><\/div><div class=\"fusion-sep-clear\"><\/div><div class=\"fusion-text fusion-text-11\"><p><b class=\"mr-1\">\u00bfTienes problemas para inscribirte para el examen? <\/b><a href=\"https:\/\/eaes.ec\/etapas\/inscripciones\/problemas-frecuentes\"><u>Solucionar problemas com\u00fanes durante la inscripci\u00f3n.<\/u><\/a><\/p>\n<\/div><div class=\"fusion-clearfix\"><\/div><\/div><\/div><\/div><\/div><\/p>\n","protected":false},"excerpt":{"rendered":"","protected":false},"author":1,"featured_media":0,"parent":3128,"menu_order":0,"comment_status":"closed","ping_status":"closed","template":"100-width.php","meta":{"footnotes":""},"class_list":["post-3555","page","type-page","status-publish","hentry"],"_links":{"self":[{"href":"https:\/\/preuniversitarionewton.com\/new\/wp-json\/wp\/v2\/pages\/3555","targetHints":{"allow":["GET"]}}],"collection":[{"href":"https:\/\/preuniversitarionewton.com\/new\/wp-json\/wp\/v2\/pages"}],"about":[{"href":"https:\/\/preuniversitarionewton.com\/new\/wp-json\/wp\/v2\/types\/page"}],"author":[{"embeddable":true,"href":"https:\/\/preuniversitarionewton.com\/new\/wp-json\/wp\/v2\/users\/1"}],"replies":[{"embeddable":true,"href":"https:\/\/preuniversitarionewton.com\/new\/wp-json\/wp\/v2\/comments?post=3555"}],"version-history":[{"count":4,"href":"https:\/\/preuniversitarionewton.com\/new\/wp-json\/wp\/v2\/pages\/3555\/revisions"}],"predecessor-version":[{"id":3689,"href":"https:\/\/preuniversitarionewton.com\/new\/wp-json\/wp\/v2\/pages\/3555\/revisions\/3689"}],"up":[{"embeddable":true,"href":"https:\/\/preuniversitarionewton.com\/new\/wp-json\/wp\/v2\/pages\/3128"}],"wp:attachment":[{"href":"https:\/\/preuniversitarionewton.com\/new\/wp-json\/wp\/v2\/media?parent=3555"}],"curies":[{"name":"wp","href":"https:\/\/api.w.org\/{rel}","templated":true}]}}